
-46
27 + 31 + 22 + -37
43
What is the value of -19 + (-12 - -18) + (-1 - 4 - -37)?
19
What is the value of -47 - (26 - (17 + 53 + -35))?
-38
7 - (35 - (3 - -16) - -5 - (-2 + 0))
-16
(-8 - (-1 - 0)) + (-199 - -154) - (-10 - -12)
-54
What is the value of 26 + -157 + 187 + -84?
-28
What is 12 + 0 + -14 + (-8 - (-13 + 5))?
-2
What is the value of (28 - -9) + -47 + 1?
-9
What is -63 + 0 + 122 - (0 + 22)?
37
Evaluate -1 - -3 - -29 - ((-244 - -37) + 222).
16
(-1 - -1) + 89 - (92 + -326 + 230)
93
Calculate 9 - (-5 + -11 + (15 - (3 + 2)) + -3).
18
Evaluate -86 + 89 - (-5 + (0 - -9) + (-1 - 40)).
40
Evaluate -3 + 14 + (-63 - (-6 - 2)) - -6.
-38
Evaluate (-184 - -74) + 101 + (-1 - 30) + 2.
-38
What is the value of 74 - (-61 - (-60 + -14))?
61
-12 + (62 + -48 - (36 + 2))
-36
Evaluate 84 + -14 + (1 - (5 - 0)) + (-100 - -107).
73
What is (17 - 77) + 4 + -2 + (4 + -14 - 0)?
-68
Calculate -22 - (44 - 20 - 95).
49
Evaluate -11 - -18 - ((48 - ((2 - 4) + 5)) + 2).
-40
Evaluate -42 - (-3 + 2) - (40 - (-38 + -9 - -77)).
-51
-2 + 76 + (2 - 3) + (3 + 69 - 59)
86
What is the value of (64 - 0) + -1 + (-24 - (-4 - 18))?
61
Calculate -42 + 1 - (-399 + 476 + -99).
-19
What is the value of 24 + 0 - (316 + -167 + -58)?
-67
What is the value of 11 + 0 + (-27 - (-13 + -4)) + -37 + 0?
-36
Calculate 14 - (-10 + -72 + -34 - (-18 - -10)).
122
Calculate -5 - (((40 - 20) + 0 - 32) + -103).
110
Calculate (-7 - (1 + 21)) + (11 + -15 - -17) - -142.
126
Calculate -71 - -188 - (85 + 55).
-23
Calculate 362 + -407 + (-20 - 35).
-100
Calculate -18 - (81 - (19 + 14 + -8)).
-74
Calculate -12 + -21 + -62 + 68.
-27
What is the value of -7 + (-16 + 7 - -4) + -1 + -18?
-31
-9 + (24 + -22 - 18 - -24)
-1
What is (81 - -1) + -3991 + 4011?
102
What is the value of 0 + -5 + (-193 - -236) + (-1 - 11)?
26
Evaluate -25 - ((54 - -15) + -3 + 1 - -10).
-102
Calculate (-56 - 11) + (-1524 - -1584).
-7
Evaluate 18 - 40 - 20 - -36.
-6
Calculate (-78 - (-183 - -71)) + (20 + 0 - 2).
52
What is (-39 - (-2 + 21 + -41)) + 17?
0
Evaluate (16 - (33 + -21 - 6)) + (-3 - 6).
1
What is the value of 7 + (-31 - 8 - -10 - (-13 + 8 - -9))?
-26
Evaluate (0 - (24 - 25)) + (0 + 5 + -6 - -1).
1
What is -1 + -49 - (815 - 874)?
9
235 - (-197 + 374) - ((2 - 4) + -1)
61
(-4728 - -4712) + (0 - (1 + 2)) - -71
52
What is -21 - ((8 - 64) + 47 + -69)?
57
What is 35 + (46 - 13 - 63) + 41?
46
Calculate (-21 - -33 - 21) + 70 + 6 + -14.
53
(-2 - (-1 + 117)) + (-172 - 161) + 338
-113
What is (68 - (-3 - -51)) + (0 - -6)?
26
-15 + (9 - (-4 + (-11 - 14 - -7)))
16
-2 + (-23 - -3) + (40 - (25 - (26 - 28)))
-9
What is 5 - (15 + -16 - -17)?
-11
-7 + (-1 - (37 + 9) - 13) + -6 + -2
-75
What is -75 - (-257 + 82 + 25)?
75
Evaluate -55 + (-3 - -24 - 22) + -1 + -5 + 13.
-49
What is the value of -9 + -4 + ((2 - -20) + -6 - -7) - 9?
1
Calculate (-11 + 12 - 67) + (37 - 35 - (-1 - -4)).
-67
-2 - (-65 + 1) - (90 + 58 + -144)
58
What is the value of -6 + (17 + 3 - 12) + 20 - 3?
19
What is -40 + -71 + 105 - (0 - (0 - 1 - 4))?
-11
130 + (-123 - (-84 + -5))
96
Evaluate (1 - (-15 - (-17 + 12))) + (4 - -44).
59
What is 0 + -4 + -123 + 42 + (17 - 6)?
-74
Evaluate 10 + -12 + -13 + (12 - (1 - -2)).
-6
(-93 - -88) + (-2 - -5) + (0 - 44)
-46
Calculate -155 - -16 - (-68 - 75).
4
Evaluate -6 + 36 - (-1 + -5 + (-81 - -100)).
17
Evaluate 24 + -75 + -77 - (11 - -9).
-148
Evaluate 0 - -45 - (26 + -3 + -23).
45
Evaluate 151 + -7 + -168 - -64.
40
What is the value of -16 - (-10 - 13) - 70?
-63
Calculate -4 + -1 + (-35 - -26) - 6.
-20
Calculate 75 + -43 - 72 - (14 + -3).
-51
What is 9 - 112 - (-245 - -186)?
-44
What is the value of -47 - (3 - ((35 - 1) + -15))?
-31
What is 333 + -100 + -78 + -75?
80
Calculate (-8 + (8 - (4 - 5 - -3)) - 5) + -33.
-40
What is the value of 31 + -10 + -14 + (-54 - -2) + (0 - -3)?
-42
Evaluate 52 + (72 - (72 + -81)).
133
What is 2 + (3 + 3 + 3 - (16 - 21)) - -5?
21
What is (-452 - -347) + (3 - 46 - -1)?
-147
Evaluate (32 - -1) + (215 - (19 + 175)).
54
Evaluate -5 + 12 + (-49 - -13) - -2.
-27
Evaluate 3 + -2 + 0 + -16 + 5 - (-20 - 7).
17
Calculate -48 + (1 - 40) + 16 + 14.
-57
Calculate 16 + 1 - (-209 - -187).
39
Evaluate -2 + (13 - (-7 + -4 - -12)).
10
-170 + 56 + -26 + 35 - -10
-95
What is -22 + 4 + 8 - 8 - -20?
2
8 - ((-27 - (3 + 3 + -2)) + 84 + -91)
46
-5 + -54 + (286 - 241)
-14
Evaluate 16 + -58 + 21 - (-69 + 2).
46
-1 - (-21 - (3 + -48)) - -10
-15
Calculate -53 + 9 + 0 + (3 - 4) + (3 - 0).
-42
-1110 + 1100 - (-2 + 18 + 4 + 1)
-31
What is -27 + 2 - (0 - 0 - ((-77 - 3) + 70))?
-35
What is the value of -59 + -1 + (-2172 - -2246) - (1 + -1 + 58)?
-44
(-10 - (34 + -24)) + (108 - (-10 - -4))
94
8 + -14 + (23 + -13 - (-2 + -2) - 4)
4
Calculate 16 + (-521 - -464) + 0 + -24.
-65
What is -5 - (16 + -5 - 7 - (37 - 43))?
-15
What is the value of 0 + 14 + 12 + 39 + 37?
102
Calculate -11 - ((-2 - 39) + 4).
26
What is the value of -41 + (32 - -36) + 16?
43
What is the value of (128 + -4 - 137) + -3 + 0?
-16
What is the value of 63 + (111 - 38 - 88)?
48
-39 - (-28 - -9 - -4) - 15
-39
-62 - (-97 + 59 + -42)
18
63 - -34 - 62 - -85
120
What is the value of -15 + 106 + 57 + -36?
112
Calculate -1 + -13 - (-87 - -45) - -31.
59
Calculate -2 + -1 + -4 - (4 + (9 - (-13 + 7))).
-26
What is the value of (-12 - (-9 + 25)) + 3 + 34?
9
What is the value of ((-3 - -13) + -5 + 11 - (-24 + 56)) + 110?
94
(-1 + -4 - (344 - 364)) + -21
-6
What is the value of 344 + -212 - (23 - -2) - 34?
73
Evaluate -3 + (1 - 17) + 39 + -37 + 12.
-5
-41 + (-15 - 16 - -19) - (-2 + 1 + -2)
-50
(-8 - 3) + (46 - (78 + 92)) + 0
-135
Calculate -54 + -59 + 40 - -68.
-5
Evaluate 3 - 10 - (-5 + -4) - -119.
121
Calculate -6 + -8 + 9 - (0 + 3 + -11 + 4).
-1
Evaluate 41 - (23 + -16 - -5 - 4).
33
What is the value of (50 - (-77 - -226)) + 183?
84
What is -86 + ((13 - 25) + -15 - -8)?
-105
What is the value of -55 - -120 - 47 - (35 + 0)?
-17
What is 4411 + -4365 + (-43 - -1)?
4
Evaluate 27 + -2 + (45 - (-2 + 35)).
37
What is the value of (6 - (-1 - -2 - (10 - 6))) + (-301 - -333)?
41
Evaluate 30 - (23 + 71 + -79).
15
Calculate (24 - 32) + 9 + -27 + 11 - 69.
-84
Calculate 5 + (-29 - -10) + 14 + 22 + 3.
25
What is the value of 14 - (4 + 10 - -32)?
-32
Evaluate (45 + -43 - (-4 + -7) - -2) + -33.
-18
What is the value of -6 + (2 - 33) - (-19 - 5)?
-13
What is the value of (-197 + 188 - (-16 + 8 + -4)) + -7 + 0?
-4
What is 202 + -215 + -3 + (4 - -6) + 16?
10
What is the value of (37 - -3) + 354 + -410 - -17?
1
Calculate (15 - -9) + -39 + -7 + 89.
67
Calculate 583 + -685 - (-11 - 3).
-88
61 + -21 + -19 + 0 + 7 + 10
38
-245 + 240 + 15 + -3
7
Evaluate -18 + -44 + -11 + 106.
33
Evaluate -79 + 66 + (-1 - -6) - (-23 - 32 - -36).
11
15 + -17 - (-6 + 11 + 65) - (-7 + 5)
-70
Evaluate (8 - (33 - 15 - -12)) + 39 + -6.
11
Calculate -55 + (2 - -6) + (-15 - (-36 - -30)).
-56
Calculate (3 - (-21 + -6 - -15)) + 0 + -119.
-104
What is 74 + (-77 - -35) + -77?
-45
Evaluate 6 + -1 - ((-17 - 2) + 95 + -60 - 15).
4
64 - 33 - -45 - (2 - 6 - -3)
77
Evaluate ((1 - -3) + -7 - (-34 - -33)) + (-2 - -65).
61
What is -211 + 167 + (-173 - -110)?
-107
What is the value of -2 - -1 - (-71 + 98) - -23 - (15 - 1)?
-19
Calculate 45 + -62 + 28 + -9 + 44.
46
Evaluate 252 + -257 - (-22 - 4) - -12.
33
Calculate 7 + (13 - 41) + 15.
-6
What is the value of (-9 + -1 - (-224 - -121)) + (-8 - 9)?
76
What is the value of 3 + -2 + 15 - (-1619 + 1617)?
18
What is -1 - -1 - 0 - (459 - 207 - 274)?
22
What is the value of -68 - ((-48 - 33) + 25)?
-12
-1 + 2 + 6 + (-103 - -87) + 26 + -1
16
(-12 + (16 - 29) + 86 - (1 + 1)) + -7
52
What is the value of 24 - (15 + (14 - 14 - -16))?
-7
-17 - (-88 + -1 + 23)
49
What is (-1 + 1 - (63 + -59)) + (-10 - -53)?
39
Evaluate -2 + 30 + (-70 + 56 - -96).
110
Evaluate -35 + 23 + 11 + -3 + -8 + 6.
-6
What is the value of -9 - ((-7 - -15) + (8 + -11 - -18))?
-32
What is 20 + -25 - (16 - 15) - (-41 + -6)?
41
What is the value of 0 + (-9 - (-5 - -8 - 6 - -6))?
-12
(57 - (73 - 57)) + -134
-93
What is -2 + -20 + 14 + (-46 - -26)?
-28
What is the value of -60 - (-27 - (-1 + 4))?
-30
What is the value of 2 + 62 - (-2 + (31 + 3 - 18))?
50
What is the value of 22 - 25 - ((97 - 9) + -3)?
-88
Calculate 157 + (80 - 100) + (-2 - (-3 + 0)) - -15.
153
What is (-96 - -47) + 62 - (3 + (24 - -3))?
-17
-3 + -1 - 74 - (-695 + 688)
-71
Calculate (